 - 33. Determine v(-14).
-19
Let v(a) = -a**2 - 7*a + 52. What is v(-9)?
34
Let g(p) = p**3 + 4*p + 4. Determine g(0).
4
Let c(x) = 15*x**2. Determine c(-1).
15
Let i(a) = -a**2 - 27*a - 146. What is i(-20)?
-6
Let m(c) = -c + 29. Calculate m(18).
11
Let c(a) = a - 8. Determine c(4).
-4
Let a(h) = h**3 + 30*h**2 - 33*h - 63. Calculate a(-31).
-1
Let k(i) = i**2 + i + 14. What is k(-6)?
44
Let t(q) = q**3 + q**2 + 5*q + 3. What is t(-2)?
-11
Let h(l) = 12*l + 11. Give h(5).
71
Let f(q) = -q**2 - 10*q + 3. Give f(-11).
-8
Let j(h) = 44*h - 346. What is j(8)?
6
Let q(h) = h. Calculate q(7).
7
Let o(y) = 8*y + 5. Determine o(-4).
-27
Let y(b) = -b**3 - 4*b**2 - b + 7. Give y(-3).
1
Let v(j) = -j**3 + 17*j**2 + 2. Determine v(17).
2
Let f(l) = -l**2 - 8*l - 16. What is f(-5)?
-1
Let s(l) = l**3 - 9*l**2 + 7. Determine s(9).
7
Let m(k) = -k**2 - 9*k - 8. What is m(-9)?
-8
Let t(c) = 22*c + 2. What is t(-1)?
-20
Let c(t) = -4*t**3 + t**2 + 3. What is c(-2)?
39
Let y(b) = 5*b**3 - 6*b - 2. Determine y(-2).
-30
Let w(i) = -i - 11. Give w(-12).
1
Let g(j) = -15*j - 570. Calculate g(-38).
0
Let n(z) = 2*z + 2. What is n(-2)?
-2
Let m(h) = h**3 - 10*h**2 + 9*h + 6. Determine m(9).
6
Let c(w) = w**3 + 19*w**2 + 16*w - 45. What is c(-18)?
-9
Let u(h) = 34*h - 2103. Determine u(62).
5
Let d(k) = 2*k**3 + 18*k**2 + 28*k + 9. Determine d(-7).
9
Let m(a) = -4*a - 3. Calculate m(8).
-35
Let p(y) = y**3 + 10*y**2 - y - 11. Determine p(-10).
-1
Let x(k) = 9*k**2 - 4*k + 3. Calculate x(1).
8
Let o(a) = -2*a**2 + 10*a + 7. Determine o(0).
7
Let n(h) = 76*h**3 - 2*h**2 + 1. What is n(1)?
75
Let f(x) = -5*x**3 - 41*x**2 - 7*x + 5. Calculate f(-8).
-3
Let a(s) = 37*s + 286. Calculate a(-8).
-10
Let w(z) = -5*z + 1. Calculate w(-6).
31
Let h(p) = -p**2 + 12*p + 35. Calculate h(14).
7
Let y(s) = s**2 - 10*s + 8. Determine y(8).
-8
Let x(k) = k**3 + 5*k**2 + 3*k + 4. Give x(-5).
-11
Let s(r) = r**3 + 7*r**2 + 4*r + 3. Give s(-6).
15
Let u(m) = -m**2 + 4*m + 40. Calculate u(9).
-5
Let c(x) = -x - 19. Determine c(-16).
-3
Let l(c) = -10*c + 206. Determine l(23).
-24
Let n(d) = -d - 36. Determine n(-18).
-18
Let c(j) = -j**3 + 3*j**2 + 4*j - 9. Determine c(4).
-9
Let y(f) = -2*f**2 - 4*f - 6. Calculate y(-3).
-12
Let l(r) = -11*r + 269. Determine l(25).
-6
Let t(k) = -k**3 - 7*k**2 + 5*k - 19. Give t(-8).
5
Let a(w) = -37*w + 80. Determine a(2).
6
Let t(l) = -50*l**3 + 2*l**2 - 2*l + 1. What is t(1)?
-49
Let u(j) = -4*j + 6. Determine u(4).
-10
Let s(z) = -72*z - 3. Give s(-1).
69
Let x(a) = 4*a + 1. Determine x(1).
5
Let f(t) = 2*t**3 + 52*t**2 - 14. What is f(-26)?
-14
Let k(y) = -3*y - 17. Determine k(-13).
22
Let s(f) = 2*f**2 - 9*f + 1. Give s(6).
19
Let k(t) = -t - 12. Determine k(-12).
0
Let f(o) = -6*o - 5. What is f(5)?
-35
Let f(s) = s**3 + 11*s**2 + 11*s - 19. Determine f(-10).
-29
Let v(r) = -r**3 + 6*r**2 - 5*r + 8. Calculate v(5).
8
Let h(x) = -x**2 - 4*x + 23. Give h(-7).
2
Let x(b) = -b**2 + 8*b + 15. Calculate x(0).
15
Let f(v) = -9*v. Calculate f(-3).
27
Let z(u) = u**2 + u - 4. What is z(-3)?
2
Let f(o) = 2*o**2 + o + 1. Calculate f(-1).
2
Let d(k) = -k**3 - 16*k**2 + 103*k - 37. Determine d(-21).
5
Let w(j) = j**2 - 2. Calculate w(-3).
7
Let c(v) = -v**2 + 10*v - 9. What is c(0)?
-9
Let v(z) = -z**2 - 5*z + 14. Give v(-7).
0
Let d(u) = 51*u - 7. Give d(3).
146
Let v(i) = i**3 + 4*i**2 - 12*i - 8. Calculate v(-6).
-8
Let c(a) = 2*a - 63. Determine c(28).
-7
Let v(f) = -2*f**2 + 28*f + 19. Calculate v(14).
19
Let d(y) = 50*y**3 + y**2 - 1. What is d(-1)?
-50
Let x(q) = 14*q + 35. What is x(-3)?
-7
Let u(o) = 4*o + 102. What is u(-30)?
-18
Let d(k) = -2*k + 24. Give d(6).
12
Let q(l) = -15*l + 78. Give q(8).
-42
Let t(r) = 6*r - 34. Determine t(0).
-34
Let o(d) = -d**3 + 15*d**2 - 16*d + 34. What is o(14)?
6
Let k(c) = c**3 + 4*c**2 - 3*c. Calculate k(3).
54
Let d(i) = -7*i - 6. Determine d(-3).
15
Let x(a) = -2*a - 9. Calculate x(7).
-23
Let j(q) = -3*q**2 + 33*q + 30. Calculate j(12).
-6
Let m(v) = 3*v**3 - 42*v**2 + 38*v + 17. What is m(13)?
4
Let y(n) = n**3 + 17*n**2 - 18*n - 2. What is y(-18)?
-2
Let n(l) = -13*l - 54. What is n(-4)?
-2
Let x(b) = -4*b + 11. Calculate x(5).
-9
Let c(v) = 27*v + 12. Determine c(3).
93
Let k(x) = 20*x - 6. Give k(-4).
-86
Let l(h) = h**2 - 13*h + 1. Give l(13).
1
Let v(y) = -y**3 + 9*y**2 + 8*y + 37. Determine v(10).
17
Let s(a) = a**3 + 9*a**2 + 2*a + 11. What is s(-9)?
-7
Let s(d) = -32*d - 21. Determine s(-1).
11
Let w(t) = t**3 + 9*t**2 + 15*t - 8. Determine w(-6).
10
Let l(n) = 51*n - 13. Give l(-2).
-115
Let c(x) = 2*x**2 + 21*x - 11. Calculate c(-10).
-21
Let b(i) = -i**2 + 16*i - 25. Give b(14).
3
Let t(j) = j**3 + 12*j**2 - 15*j - 32. Determine t(-13).
-6
Let g(h) = -2*h**3 + 16*h**2 - 21*h + 41. What is g(7)?
-8
Let d(n) = 2*n**2 - n + 8. Calculate d(9).
161
Let d(n) = -n**3 - 5*n**2 + 10*n + 14. What is d(-6)?
-10
Let s(c) = 3*c**2 + 5*c - 4. What is s(1)?
4
Let u(q) = -q**3 + 15*q**2 + 30*q + 38. Calculate u(17).
-30
Let p(u) = u + 4. What is p(-6)?
-2
Let m(o) = -8*o + 62. Give m(9).
-10
Let f(s) = 3*s**2 + 8*s + 12. Calculate f(-5).
47
Let h(y) = 17*y + 17. Determine h(2).
51
Let k(d) = 2*d**3 - 4*d**2 - 3*d. Give k(-1).
-3
Let q(a) = -a**3 - 26*a**2 + 27*a. What is q(-27)?
0
Let n(b) = b**3 - 3*b**2 - b - 1. Give n(2).
-7
Let x(a) = a**2 - 14*a + 37. What is x(4)?
-3
Let y(x) = x**2 - 4*x + 5. Calculate y(6).
17
Let o(l) = -l**3 + 3*l**2 + 9*l + 3. Determine o(5).
-2
Let q(y) = -y**2 - 16*y - 43. Determine q(-18).
-79
Let n(x) = x**2 + 2*x - 150. Determine n(-13).
-7
Let z(f) = 4*f + 5. Give z(-4).
-11
Let t(o) = -o**2 - 10*o - 21. Give t(-15).
-96
Let q(n) = n**3 - 21*n**2 - 20*n - 52. Calculate q(22).
-8
Let v(t) = -16*t**3 + 3*t**2 - 7*t + 9. Calculate v(2).
-121
Let k(m) = m + 5. Determine k(-8).
-3
Let a(s) = s**2 - 478. Calculate a(-22).
6
Let z(v) = v**3 + 10*v**2 + 10*v + 16. What is z(-9)?
7
Let a(n) = -14*n - 36. Determine a(-5).
34
Let q(h) = h**2 + 12*h - 41. Determine q(-17).
44
Let o(c) = -10*c**2 - 36*c + 8. What is o(-4)?
-8
Let r(f) = -2*f + 9. Calculate r(-10).
29
Let r(s) = s**2 + 12*s + 67. Calculate r(-5).
32
Let f(j) = -j**2 + 6*j - 5. Determine f(5).
0
Let m(z) = -z - 15. Calculate m(-12).
-3
Let i(m) = 34*m**2 - m. Determine i(1).
33
Let h(d) = -d**3 - 5*d**2 + 2*d + 10. What is h(-5)?
0
Let i(s) = -s**3 - 11*s**2 + s - 15. Calculate i(-11).
-26
Let c(k) = -15*k - 6. Determine c(-6).
84
Let l(s) = 6*s**2 - 2. What is l(1)?
4
Let k(z) = -z**2 + 2*z - 20. Determine k(5).
-35
Let c(r) = -4*r**2 + 34*r + 7. Determine c(8).
23
Let o(l) = 130*l - 669. Give o(5).
-19
Let y(r) = r**3 + 7*r**2 + 10*r + 22. Determine y(-6).
-2
Let q(k) = -k**2 - 15*k + 222. Calculate q(9).
6
Let w(y) = -y**2 - 27*y - 92. Determine w(-23).
0
Let s(k) = k**3 + 5*k**2 - 10*k - 7. Determine s(-6).
17
Let o(p) = p**3 + 16*p**2 - 6*p - 92. Determine o(-16).
4
Let k(s) = s**3 - 8*s**2 + 4*s - 6. Give k(7).
-27
Let d(p) = -17*p + 165. Determine d(10).
-5
Let g(i) = -i**3 + 2*i**2 + 5*i - 3. Calculate g(3).
3
Let w(k) = 2*k - 1. What is w(-3)?
-7
Let w(o) = -13*o**2 - 2*o - 1. Give w(-1).
-12
Let l(x) = -x**2 + 13*x + 45. What is l(-3)?
-3
Let z(a) = -22*a**2 + 2*a - 1. What is z(1)?
-21
Let m(r) = r**2 - 8*r + 15. Determine m(5).
0
Let d(t) = 54*t - 148. Calculate d(3).
14
Let f(a) = -a**3 + 16*a**2 + 9. Give f(16).
9
Let z(b) = -b**2 + 13*b + 7. Calculate z(9).
43
Let v(j) = -j**3 + 9*j**2 + 25*j - 2. Give v(11).
31
Let z(u) = u**3 - 2*u**2 + u - 1. What is z(1)?
-1
Let c(n) = -2*n**2 - 20*n - 9. What is c(-10)?
-9
Let k(u) = 2*u**2 + 33*u - 606. Determine k(11).
-1
Let s(d) = d**2 - 12*d - 1. Calculate s(11).
-12
Let h(y) = -y**2 - 33*y + 323. Give h(8).
-5
Let a(y) = -7*y + 31. What is a(4)?
3
Let a(c) = -c**2 + 44*c - 316. What is a(35)?
-1
Let m(u) = -u**2 + 13*u - 33. Determine m(14).
-47
Let k(w) = -w**2 + 8*w - 16. Give k(6).
-4
Let n(i) = -i**2 - 15*i - 55. Determine n(-7).
1
Let s(m) = m**3 - 5*m**2 + 6. Give s(5).
6
Let z(a) = -a**3 - 33*a**2 - 32*a - 8. Give z(-32).
-8
Let c(h) = h**3 + 9*h**2 + 2*h + 14. Give c(-9).
-4
Let b(x) = 7*x**2 - x - 5. Calculate b(3).
55
Let z(p) = 3*p**3 + 3*p**2 - 12*p + 19. Determine z(2).
31
Let w(f) = -5*f**2 + 3*f - 3. Give w(2).
-17
Let l(n) = -2*n**2 + n - 6. Deter